+ 6. Let l be 5/40*s + 75/(-12). What is o(l)?
-5
Let j(a) = 11*a**3 + 4*a**2 + 8*a - 12. Let m(h) = -9*h**3 - 4*h**2 - 7*h + 10. Let b(n) = 5*j(n) + 6*m(n). Let i(p) = p + 8. Let g be i(-3). What is b(g)?
15
Suppose 3*u + 4*n = 411, -5*u = 3*n - 727 + 31. Let i = u - 135. Suppose 0 = 7*r - 6*r + i. Let w(o) = o**3 + 6*o**2 - 2*o + 7. Calculate w(r).
19
Let k(c) = -c**2 - c - 5. Let g(r) = 3*r**2 + 113*r + 174. Let t be g(-36). Determine k(t).
-35
Suppose 179*i - 25*i = 0. Let u(g) = -5*g**2. Let q(r) = -4*r**2 - 1. Let w be (-4)/22 + (-124)/44. Let l(x) = w*u(x) + 4*q(x). Give l(i).
-4
Let y(s) = 15*s**3 + 20*s**2 + 7*s - 86. Let b(n) = -7*n**3 - 10*n**2 - 4*n + 43. Let i(u) = -13*b(u) - 6*y(u). What is i(-8)?
5
Let o(s) = -s - 6. Let l be -6 + (-55)/(-5) + 0. Let y(f) = f**3 - 5*f**2 - 2*f + 5. Let b be y(l). Give o(b).
-1
Let p(w) be the first derivative of -4*w**3/3 - 3*w**2 - 4*w + 1578. What is p(-4)?
-44
Let o(s) = -5465*s - 4*s**2 + 3*s**3 - 6*s**2 + 5468*s. Calculate o(2).
-10
Let g(k) = 8*k - 17. Let t be g(2). Let a(f) = 5*f - 3. Let q(j) = 17*j - 11. Let z(i) = -22*a(i) + 6*q(i). What is z(t)?
8
Let n(v) = 5*v**3 - 59*v**2 + 195*v - 66. Let s(a) = -a**3 + 12*a**2 - 37*a + 13. Let w(b) = -2*n(b) - 11*s(b). Calculate w(12).
-95
Let x be 5 + -8*(-4 - 7/(-2)). Let b(p) be the first derivative of -p**2/2 + 7*p + 6. Determine b(x).
-2
Let l(y) = -y**2 + 5. Suppose 0*r = r - 5. Suppose -r*p + 13*p = 104. Let k(x) = x**2 - 14*x + 9. Let z be k(p). Calculate l(z).
-11
Let m(r) be the second derivative of -r**2 - 3*r + 5/12*r**4 + 0*r**3 + 15. Calculate m(2).
18
Let s be (-46)/(-12) + (-6)/(-108)*3. Let j(a) = -1291*a**3 - 3 + 1292*a**3 + s*a**2 + 0. What is j(-3)?
6
Let i be 1739/141 + (-14)/6. Let o(j) = -j + 33. Give o(i).
23
Let k(q) be the third derivative of q**6/120 - q**5/60 + q**3/3 - 10*q**2 - 5*q. Let v(h) = -h - 2. Let y be v(-4). Suppose -6 = y*t - 2. Give k(t).
-10
Let o(s) = -5*s**3 - 2*s**2 + 1. Suppose 0 = 67*x - 44*x - 115. Let g be (-2)/(-3) - 8/(-6). Suppose 2*f - 4 + x = -v, 2 = -g*v + 2*f. Determine o(v).
4
Let o(q) = q**3 - 6*q**2 + 6*q - 18. Suppose 0 = -5*j - 4*m + 18, 10*m - 9 = -3*j + 7*m. Let k be o(j). Let x(n) = -24*n**2 + k*n**2 + 7*n**2 - n. Give x(2).
2
Let s(v) be the second derivative of -14*v**3/3 - 95*v**2 + 8711*v. Calculate s(-7).
6
Let d = -7 + -3. Let y(p) be the first derivative of p**2/2 - p - 61. Give y(d).
-11
Let d(f) = 2647 + 5*f + 2485 - f**3 + f**2 - 5110. Determine d(4).
-6
Let t(s) be the third derivative of -1/60*s**5 + 0*s + 5/24*s**4 - 1/3*s**3 + 2 - 134*s**2. Give t(5).
-2
Let m(a) = -4*a**3 - 5*a**2 - 18*a + 2. Let c(s) = -s**3 + s**2 - 4*s - 1. Let z(i) = -3*c(i) + m(i). Determine z(-4).
-35
Let m(v) = -374*v**3 - 3*v**2 + 4*v - 364*v**3 + 739*v**3 - 6. Determine m(3).
6
Let t(i) be the first derivative of i**2/2 + 3*i + 3. Let d = -218 + 225. Let p be (d/3)/((-29)/87). What is t(p)?
-4
Let k(y) = 15*y + 2. Let o be -3*25/15*1 - -7. Determine k(o).
32
Let l(a) = -84*a + 81. Let i be 18/17 + (15 + -3)/(-204). Give l(i).
-3
Let h(q) = -q**2 + 10*q - 8. Suppose 0 = -2*g - 5*k + 7*k + 1224, g - 607 = -4*k. Let y = g + -602. Give h(y).
1
Let b(a) = -27*a. Suppose -49 = 2*t - 15*x, 0 = -3*t + 4*x + 27 - 45. Calculate b(t).
54
Let h(l) = -4*l - 76. Let t be h(-7). Let o be (4/(-16))/(12/t). Let b(y) = 7*y**2. Give b(o).
7
Let x be 46/240 + (1189/232)/(-41). Let l(g) be the third derivative of -1/120*g**6 - x*g**5 + 0 + 3*g**2 + 2/3*g**3 + 1/6*g**4 + 0*g. Determine l(-4).
-12
Let i(m) = 9*m + 6. Let n be (-26)/(-234) + 71/9 + (1 - 1). Give i(n).
78
Suppose 4*g + 3 = -9. Let a(n) be the second derivative of n**5/20 + n**4/12 - 2*n**3/3 - n**2/2 + 3*n. What is a(g)?
-7
Let x = 2017/40 - 403/8. Let r(j) be the second derivative of -x*j**5 + 11*j + 0 + 1/3*j**4 - 1/2*j**3 + 0*j**2. Determine r(2).
2
Let i = 4255 + -25529/6. Let h(q) be the third derivative of 1/6*q**3 + i*q**4 + 0 + 18*q**2 + 1/60*q**5 + 0*q. Calculate h(-4).
1
Let p(t) be the first derivative of -1/120*t**5 - 2*t + 0*t**2 - 1/4*t**4 - 1/3*t**3 + 49. Let z(m) be the third derivative of p(m). What is z(-11)?
5
Let d(b) = -6656 - 6775 + 13510 + 20*b. What is d(-5)?
-21
Let n(o) = -4*o**2 - 7*o - 4. Let h(y) = y**2 - y + 3. Let g(s) = 3*h(s) + n(s). What is g(-10)?
5
Let j(v) = 5517 + 5514 - 16568 + 5499 + v**3 + 3*v - 20*v**2. Calculate j(20).
22
Let t(f) = -8*f + 2. Let v(g) = -1 + 26 - 9 - 9 - 10 + 9*g. Let r be ((-8)/(-12))/(2/9). Let q(a) = r*v(a) + 4*t(a). Give q(1).
-6
Let o(d) be the third derivative of -9*d**2 + 0*d - 4 - 1/2*d**3 - 1/60*d**5 - 7/24*d**4. What is o(-4)?
9
Let v(u) = u + 12. Let q be 55/(-3) + (-100)/150. Let w = q + 9. Determine v(w).
2
Let v(j) = 817*j - 4*j**3 - 25*j**2 + 792*j - 2382*j + 797*j + 5*j**3 - 9. Give v(24).
-9
Let h(j) = j**2 + 4*j + 7. Let c(x) = -29*x + 168. Let l = 375 + -369. Let y be c(l). Determine h(y).
19
Let t(q) = 2*q + 99. Let c(g) = 9*g + 403. Let k(h) = 6*c(h) - 25*t(h). What is k(13)?
-5
Let g(v) be the second derivative of v**4 - v**3/3 + v**2/2 + v. Suppose -7*a + 29 = 22*a. Give g(a).
11
Let a(j) = -j**2 + 2*j + 32. Let r be a(6). Suppose -c = 2*y + 3, -r*y + 3*y = 4*c + 15. Let v(b) = 4*b - 2. Determine v(y).
2
Let n(h) = -h**3 + 4*h**2 + 4*h + 3. Suppose -128*v = -124*v + 44. Let m = -6 - v. Calculate n(m).
-2
Let x(q) = -14*q + 1. Let k(i) = -3 + 2 + 2. Let b(t) = -2*k(t) + x(t). Let c = 51623 + -51624. Calculate b(c).
13
Let h(t) be the first derivative of -13/2*t**2 + 1/3*t**3 + 8*t + 54. Calculate h(12).
-4
Let n(v) be the first derivative of v**4/4 + 2*v**3/3 - 3*v**2/2 - 13*v + 92. Let l be n(-2). Let y(q) = -3*q - 9. Calculate y(l).
12
Let h(j) = -j - 2. Suppose -39*l = -11*l - 616. Suppose 3*f = 16 - l. Determine h(f).
0
Let q(i) = -1 - 1806*i + 2*i**3 + 3585*i - 1786*i - 11*i**2. What is q(6)?
-7
Let d(h) = -25*h**2 - 407*h + 193. Let z(k) = -4*k**2 - 65*k + 32. Let f(x) = -2*d(x) + 13*z(x). Give f(-15).
45
Let g(v) = -285*v + 1 + 101*v + 106*v + 84*v + v**2. Determine g(-5).
-4
Let q(z) = 2*z + 1 + 49*z**3 - 50*z**3 - 10*z**2 + 1 + 4 - 21*z. Calculate q(-6).
-24
Let v(n) = 61*n - 115*n + 74 - 53 + 64*n. Give v(-5).
-29
Let p(x) = 83*x - 11*x - 251*x**2 + 19 + 36 + 254*x**2. Give p(-23).
-14
Let a be (3 + 504/(-154))/((-4)/22). Let v(u) be the second derivative of 1/6*u**3 + a*u**2 - 20*u + 0. Calculate v(-3).
0
Let o(y) = -y**3 + 3*y**2 + y - 1. Let g(s) = 19*s + 69 + 1 + 47. Let x be g(-6). Give o(x).
2
Let r(z) = 2*z - 29. Let h be -2 - (874/230)/((-1)/10). Give r(h).
43
Let w(k) = -14*k**2 + 110*k - 96. Let g(y) = 8*y**2 - 55*y + 55. Let s(m) = 5*g(m) + 3*w(m). Determine s(28).
-41
Let n(b) = -16*b - 90. Suppose -6 = a - i, 3*a - 2*i + 22 = -a. Let k be n(a). Let y(r) = -r - 4. Give y(k).
6
Let u(t) be the second derivative of t**2 - 5/12*t**4 + 0*t**3 + 0 - 41*t. Let p be (3/(-6))/((-2)/(-8)). Give u(p).
-18
Let q(k) = -81 + 6*k + 83 + 2*k**2 - 2*k + k**3. Let t = -604 - -602. Determine q(t).
-6
Let m(y) = -256 - 9*y + 152 + 133. Calculate m(2).
11
Suppose 3*f = -r - 16, 34*f = 37*f - 2*r + 4. Let p(c) = c**2 - c - 25. Determine p(f).
-5
Let z(g) = g**3 + 6*g**2 - 2*g - 8. Let h = 36 + -42. Let d be z(h). Let f(p) = d*p - 2*p**2 - 4*p + 6*p. What is f(4)?
-8
Let w(z) = 25*z - 193. Let a(b) = 12*b - 96. Let f(l) = 13*a(l) - 6*w(l). Let t be f(16). Let o(u) = -u**2 + 6*u - 1. What is o(t)?
-1
Let o be (5400/81)/(4/114). Suppose 4*b = 1916 - o. Let r(m) = -m**3 + 5*m**2 - 4*m + 6. Give r(b).
6
Let l(j) = -4*j + 3. Let i(t) = -6*t + 4. Let m(n) = -3*i(n) + 4*l(n). Let d(a) = 7*a + 16. Let p(x) = d(x) - 4*m(x). Give p(18).
-2
Let h(q) = -q**3 + 7*q**3 - 22 + 12*q**2 - 3*q - 7*q**3 + 0*q**3. Let k be h(11). Suppose k*c + 20 = 61*c. Let b(z) = z**2 + 5*z + 6. Give b(c).
2
Let z(a) = a**3 - 13*a**2 + a - 5. Let s be 1570/840*7 + 4/(-48). Calculate z(s).
8
Let x(g) = 6 - g**2 + 7*g**2 - 13*g**2 + 4*g**2 - 2*g. Let n(b) = -13*b**2 - 8*b + 23. Let t(l) = 2*n(l) - 9*x(l). Calculate t(-4).
0
Let i(g) = -g**3 + 4*g**2 - g - 4. Suppose 8*l - 19 = 7*l. Let t = l + -19. Suppose t = -5*w - 54 + 69. What is i(w)?
2
Let g be -2*1*(3 - 4). Suppose -2*i = -g - 4, -4*l - i + 19 = 0. Suppose l*q - 2*n - 3 = -3*n, 4*n = -q + 12. Let s(k) = -k + 5. What is s(q)?
5
Let k(m) = m**3 -